What is the remainder when (1 - 0)/((-1)/(-151)) is divided by c(-354)?
18
Suppose 5*d - 2*f - 9 - 10 = 0, 0 = -2*f - 4. Suppose 0 = -d*x - 3, -3*x - 7 = -k + 10. What is the remainder when 1/4*2 - 632/(-16) is divided by k?
12
Let v(h) = 18*h**2 - 912*h - 1226. Let b = 786 + -531. What is the remainder when b is divided by v(52)?
13
Suppose 0 = -3*s - 5*m + 25, -2*s + 0*m + 4 = -3*m. Let w(i) = 21 + 5*i + 3*i - 1 + s*i. Calculate the remainder when w(7) is divided by 28.
27
Calculate the remainder when 778 is divided by 18/(-24)*1 - 3086/(-8).
8
What is the remainder when ((-5)/(-3))/(-5) + (-14917)/(-21) is divided by 11?
6
Let l(t) be the first derivative of -t**3/3 - 4*t**2 + 21*t - 51. What is the remainder when 54 is divided by l(-7)?
26
Let o(y) = -87*y. Calculate the remainder when o(-1) is divided by 8/(-76) - (-21)/6*(-82)/(-19).
12
Let y(g) = -3*g**3 + 78*g**2 - 131*g + 13. What is the remainder when y(24) is divided by 105?
10
Suppose 92*q - 53070 = -29*q + 60*q. Calculate the remainder when q is divided by 27.
6
Suppose -104*t = -105*t + 1625. Suppose 27*p = 2*p + t. Calculate the remainder when 191 is divided by p.
61
Suppose -3*m = -31 - 8. Let g = m + -1. What is the remainder when -1*-5*((-276)/(-966) + (-290)/(-14)) is divided by g?
9
Let u = 529 + -1456. Let r = u + 1020. Calculate the remainder when r is divided by 34.
25
Suppose 2*q - 6 = 8*q. Let a(z) = 30*z**2 + 2*z + 1. What is the remainder when ((-19880)/(-16))/(-7)*(-8)/10 is divided by a(q)?
26
Suppose -7 - 13 = 5*a. Let x(v) = 2*v**2 + 7*v + 1. Let t be x(a). Suppose -t*p + q + 6 = -37, 5*p + q = 37. What is the remainder when 71 is divided by p?
7
Let z(r) = 31*r - 69. Let k(h) = -h**3 - 6*h**2 - 3*h - 13. Let d be k(-6). Calculate the remainder when 253 is divided by z(d).
81
Let w = 15204 - 14849. What is the remainder when w is divided by 159?
37
Suppose -7 = -4*q - 3, -q = -j + 1109. Calculate the remainder when j is divided by 11.
10
Let h(a) be the first derivative of 3*a**2/2 + 22*a - 2. Suppose -5*w + 41 = -29. Calculate the remainder when h(10) is divided by w.
10
Calculate the remainder when 4 + -10 + 832/2 is divided by 137.
136
Suppose 11*h - 8*h - 4*b - 224 = 0, 5*h = -5*b + 420. Suppose 0 = t - 2, -5*t - h = -2*d - 9*t. What is the remainder when 63 is divided by d?
27
Suppose 0 = 3460*a - 3471*a + 737. Calculate the remainder when a is divided by 51.
16
Suppose 0 = 7*b - 9*b + 378. Suppose -5*c - 2*i = -0*c - b, 0 = 4*c + i - 150. What is the remainder when c is divided by 11?
4
Let a = -87 - -195. Suppose 4 = -n, -5*n = 3*j - 2*n - a. Suppose -2*r - 194 = -2*d, j + 69 = d + 5*r. Calculate the remainder when d is divided by 34.
31
Let j(g) = 9*g - 58. Suppose -91 = -8*k + 45. What is the remainder when j(k) is divided by 25?
20
Calculate the remainder when (-114665)/(-475) + (-6)/(-10) is divided by 62.
56
Let x = 3 - 7. Let n be 840/(-22) - x/22. Let k = -26 - n. What is the remainder when 22 is divided by k?
10
Suppose -68 + 2620 = 22*h. Suppose 4*w - h = -4*c, -95 = -3*c - 2*w - 9. What is the remainder when 302 is divided by c?
22
Let c be -2 + (2 - 4) - -13. Suppose 0 = 8*o - 7*o + 16. What is the remainder when (-6)/c*(o - (-4)/(-2)) is divided by 7?
5
Let b(r) = -5*r**2 + 10*r**2 - 9*r + 0*r + 2 - 3*r**2. Let w be b(9). Let q = -72 + w. Calculate the remainder when 22 is divided by q.
0
Let g = 3699 + -3571. Suppose 4*k = -0*k + 108. Calculate the remainder when g is divided by k.
20
Let k(z) = -20*z**2 - 10*z + 28. Let h(n) = -3*n**2 - 1. Let r(o) = 5*h(o) - k(o). What is the remainder when r(4) is divided by 25?
12
Let k be 10/(-5*(-4)/70). Suppose 2*t + 2*o - 30 = 0, 0 = -3*t + 38*o - k*o + 75. What is the remainder when 58 is divided by t?
18
Let u = -33626 - -34460. Calculate the remainder when u is divided by 276.
6
Calculate the remainder when (-16)/(-96)*90 + -4 is divided by 4/6*-3 + 11.
2
Suppose -66*l + 7752 = -28*l. Let v = -84 + 155. What is the remainder when l is divided by v?
62
Let h = -10310 + 10385. What is the remainder when 143 is divided by h?
68
Suppose 0 = -8*s - 2*y + 456, 188*s + 186 = 191*s + 2*y. Calculate the remainder when (-2)/(-4) + (-417)/(-2) is divided by s.
47
Suppose 16*l - 18*l + 171 = 3*q, 418 = 5*l - 2*q. What is the remainder when 227 is divided by l?
59
Suppose -1267 = 4*a + t - 1833, -2*a = 5*t - 292. What is the remainder when 845 is divided by a?
140
Let u(i) = -1. Let r be 70/40 + 3/12. Let a(j) = -j + 7. Let z(v) = r*a(v) - 4*u(v). What is the remainder when z(-13) is divided by 17?
10
Let r(t) = -8 - 6 - 20 - 2*t + 3*t. Let i be r(21). Let k = i - -23. What is the remainder when 39 is divided by k?
9
Let s = -228 - -381. Calculate the remainder when s is divided by 135.
18
Let i = -21022 + 21023. Calculate the remainder when 11 is divided by i.
0
Let x = 650 + -528. Let d be (-2 + (-12)/(-16))*-4. Let u = x - d. What is the remainder when u is divided by 24?
21
Let o(j) = -j**3 + 25*j**2 + 93*j + 9. What is the remainder when o(28) is divided by 62?
13
Let c = 926 + 1486. What is the remainder when c is divided by 115?
112
Suppose -2*j + 6 = 0, -3*j - 587 = -15*a + 11*a. Let s(y) = 13*y - 10. What is the remainder when a is divided by s(4)?
23
Suppose 2*w - 771*g = -774*g + 1178, 7*w = 3*g + 4231. What is the remainder when w is divided by 215?
171
Let z be (6 - (-19)/(-4))*12*1. Suppose 4*w - z = 9. Calculate the remainder when 59 is divided by w.
5
Let n(t) = 68*t + 7643. What is the remainder when 305 is divided by n(-110)?
142
Let x = 17210 - 17197. Suppose 4*u - 2*b + 232 = -252, 4*u + 3*b = -474. Calculate the remainder when (-42)/(-4)*u/(-14) is divided by x.
12
Let m = -26791 - -27442. What is the remainder when m is divided by 35?
21
Suppose 0 = 311*d - 317*d - 24. What is the remainder when 131 is divided by (-24 - -26)/((d/11)/(-2))?
10
Suppose -g = g - 50. Let t = -2160 - -2177. Calculate the remainder when g is divided by t.
8
Let a = 18 + -16. Suppose v + a*s = -v - 4, -2*v - 3*s = 6. Let w(q) = -q + 142. Calculate the remainder when w(v) is divided by 29.
26
Suppose k + 1 = 5*d + 8, -d + 7 = -3*k. Let c = d - -5. Calculate the remainder when 63 is divided by ((-36)/c)/(3/(-4)).
15
Suppose 3*c = -4*f - 0 + 14, 3*c - 4 = f. Let y(w) = 2 + 4*w + w**3 + w**2 - 2*w**2 + w**3 - 2*w**2. What is the remainder when y(f) is divided by 4?
2
Suppose -4*j = 0, 0*j - 3175 = -5*p - 9*j + 4*j. What is the remainder when p is divided by 317?
1
Let w(a) = -5 + 5*a - a - 11. Suppose 8*h + 2*h = 110. Calculate the remainder when w(h) is divided by 10.
8
Suppose 9*r + 32 - 158 = 0. Calculate the remainder when 1509 is divided by (-28 + r)*(2 - 3).
11
Let u(s) = -3*s**2 + 105*s - 108. What is the remainder when 398 is divided by u(33)?
38
Let l(f) = -3*f**2 - 88*f - 399. Calculate the remainder when 265 is divided by l(-16).
24
Let r be (410/8)/(8/(-32)). Let k = r + 268. What is the remainder when k is divided by 16?
15
Let m = -30304 + 30656. What is the remainder when 400 is divided by m?
48
What is the remainder when 14/4*(-3)/7 + (-10995)/(-30) is divided by 32?
13
Let n = -5061 + 60670. What is the remainder when n is divided by 37?
35
Suppose -v = 6 - 227. Suppose -8*w - 37 = -v. What is the remainder when 63 is divided by w?
17
Calculate the remainder when -10 + -6 - (-950 - -1) is divided by 93.
3
Suppose 3*f - 146 = 7*f - 2*y, f - 5*y + 32 = 0. Let v(j) = j**3 + 36*j**2 - 37*j + 81. What is the remainder when v(f) is divided by 18?
9
Let y = 71 - 39. Let b = 13282 + -13198. What is the remainder when b is divided by y?
20
Suppose 0 = -5*y + 34 - 24. Suppose p - y*p = -33. What is the remainder when ((-44)/p)/((-1)/36) is divided by 7?
6
Let b(k) = -k**3 + 2*k**2 - k. Let y be b(-1). Suppose y*j + 481 = 3*l, -7*l + 10*l - 449 = -4*j. Calculate the remainder when l is divided by 72.
11
Let h(g) = -5*g**2 + 62*g - 107. What is the remainder when 2583 is divided by h(10)?
9
What is the remainder when 3*(-1 - -2)*(-1260)/(-27) is divided by 86?
54
Suppose -2*l = -0*l, -2*s - 2*l = 8. Suppose 2*f = -2*i + 6, 89*i = 86*i + 4*f + 30. What is the remainder when 33 is divided by ((-4)/i)/(s/72)?
9
Let w(h) = h**3 + 2*h**2 - 6*h + 3. Let y be w(-5). Let l = 50 + y. Suppose -3*d + l*d = 345. Calcula